ors of 2703345.
3, 5, 229, 787
List the prime factors of 23724501.
3, 7908167
List the prime factors of 622226.
2, 11, 28283
List the prime factors of 2764311.
3, 11, 211, 397
What are the prime factors of 293778?
2, 3, 19, 859
What are the prime factors of 164188?
2, 41047
What are the prime factors of 6655175?
5, 509, 523
List the prime factors of 233123.
11, 21193
List the prime factors of 1468669.
359, 4091
What are the prime factors of 12823048?
2, 7, 228983
List the prime factors of 4661798.
2, 2330899
List the prime factors of 8373038.
2, 31, 135049
What are the prime factors of 476167?
476167
What are the prime factors of 11124621?
3, 137341
What are the prime factors of 409166?
2, 204583
List the prime factors of 1172045.
5, 7, 33487
What are the prime factors of 544009?
544009
List the prime factors of 164688.
2, 3, 47, 73
What are the prime factors of 2201690?
2, 5, 220169
List the prime factors of 454962.
2, 3, 191, 397
What are the prime factors of 359864?
2, 44983
What are the prime factors of 2035764?
2, 3, 193, 293
List the prime factors of 273838.
2, 23, 5953
What are the prime factors of 10418303?
7, 467, 3187
What are the prime factors of 141148?
2, 7, 71
List the prime factors of 21379731.
3, 19, 375083
What are the prime factors of 276673?
276673
List the prime factors of 4420687.
4420687
What are the prime factors of 13465?
5, 2693
What are the prime factors of 1103266?
2, 17, 37, 877
What are the prime factors of 233205?
3, 5, 7, 2221
List the prime factors of 10379199.
3, 3459733
What are the prime factors of 1069344?
2, 3, 47, 79
List the prime factors of 11584254.
2, 3, 11, 175519
What are the prime factors of 44704?
2, 11, 127
What are the prime factors of 177474?
2, 3, 11, 2689
What are the prime factors of 524184?
2, 3, 21841
What are the prime factors of 2940606?
2, 3, 163367
List the prime factors of 734886.
2, 3, 31, 439
List the prime factors of 353301.
3, 13, 9059
What are the prime factors of 236069?
236069
What are the prime factors of 4585276?
2, 41, 73, 383
List the prime factors of 665518.
2, 7, 6791
What are the prime factors of 129333?
3, 19, 2269
What are the prime factors of 6922204?
2, 1730551
List the prime factors of 19968.
2, 3, 13
What are the prime factors of 787588?
2, 19, 43, 241
List the prime factors of 222415.
5, 44483
What are the prime factors of 776294?
2, 41, 9467
List the prime factors of 29660131.
29660131
What are the prime factors of 398081?
79, 5039
What are the prime factors of 1025091?
3, 113899
What are the prime factors of 7477630?
2, 5, 747763
What are the prime factors of 441191?
441191
List the prime factors of 449033.
13, 2657
What are the prime factors of 1710143?
821, 2083
List the prime factors of 1014922.
2, 507461
What are the prime factors of 759793?
89, 8537
What are the prime factors of 2114828?
2, 528707
What are the prime factors of 1228147?
1228147
List the prime factors of 326627.
7, 29, 1609
What are the prime factors of 12765964?
2, 1381, 2311
List the prime factors of 655723.
655723
What are the prime factors of 11391544?
2, 1423943
What are the prime factors of 13614144?
2, 3, 17, 43, 97
List the prime factors of 15221785.
5, 43, 83, 853
List the prime factors of 88559.
19, 59, 79
What are the prime factors of 253991?
499, 509
What are the prime factors of 138286?
2, 69143
List the prime factors of 327784.
2, 40973
List the prime factors of 4982322.
2, 3, 830387
What are the prime factors of 735471?
3, 11, 17, 19, 23
List the prime factors of 14742422.
2, 31, 237781
What are the prime factors of 554130?
2, 3, 5, 47, 131
List the prime factors of 20156207.
19, 43, 24671
List the prime factors of 3129444.
2, 3, 86929
What are the prime factors of 17348973?
3, 503, 11497
List the prime factors of 3328283.
7, 475469
What are the prime factors of 292043?
17, 41, 419
List the prime factors of 473612.
2, 167, 709
List the prime factors of 5496916.
2, 17, 229, 353
What are the prime factors of 468605?
5, 17, 37, 149
List the prime factors of 9009075.
3, 5, 120121
List the prime factors of 2144718.
2, 3, 1471
List the prime factors of 22419939.
3, 7473313
What are the prime factors of 1962579?
3, 31, 47, 449
What are the prime factors of 3847688?
2, 13, 36997
What are the prime factors of 11601467?
11601467
List the prime factors of 104834.
2, 23, 43, 53
List the prime factors of 4110706.
2, 1279, 1607
What are the prime factors of 3999378?
2, 3, 23, 73, 397
What are the prime factors of 257854?
2, 229, 563
List the prime factors of 1779630.
2, 3, 5, 137, 433
What are the prime factors of 173042?
2, 31, 2791
List the prime factors of 710160.
2, 3, 5, 11, 269
What are the prime factors of 27957?
3, 9319
What are the prime factors of 13341907?
149, 151, 593
List the prime factors of 10386957.
3, 7, 494617
List the prime factors of 4286920.
2, 5, 11, 9743
List the prime factors of 438657.
3, 73, 2003
What are the prime factors of 4062692?
2, 139, 7307
List the prime factors of 1721246.
2, 860623
What are the prime factors of 10175462?
2, 11, 29, 41, 389
List the prime factors of 6491391.
3, 37, 58481
What are the prime factors of 253452?
2, 3, 21121
What are the prime factors of 10726746?
2, 3, 223, 8017
What are the prime factors of 2447213?
97, 25229
What are the prime factors of 60536?
2, 7, 23, 47
What are the prime factors of 29135964?
2, 3, 11, 13, 16979
List the prime factors of 734949.
3, 127, 643
List the prime factors of 955421.
127, 7523
List the prime factors of 325673.
325673
List the prime factors of 2512619.
43, 71, 823
What are the prime factors of 7310004?
2, 3, 13, 47, 997
What are the prime factors of 2637181?
19, 138799
List the prime factors of 3790605.
3, 5, 7, 13, 2777
List the prime factors of 168132.
2, 3, 14011
What are the prime factors of 7567227?
3, 17, 49459
List the prime factors of 22933043.
7, 3276149
What are the prime factors of 222629?
11, 37, 547
List the prime factors of 15236.
2, 13, 293
List the prime factors of 1255327.
179, 7013
List the prime factors of 487135.
5, 11, 17, 521
What are the prime factors of 69604?
2, 17401
What are the prime factors of 287386?
2, 11, 13063
List the prime factors of 501090.
2, 3, 5, 16703
What are the prime factors of 408378?
2, 3, 29, 2347
What are the prime factors of 7452701?
53, 140617
List the prime factors of 56249.
56249
What are the prime factors of 24292442?
2, 12146221
List the prime factors of 67713.
3, 22571
List the prime factors of 1023224.
2, 23, 67, 83
List the prime factors of 787261.
787261
What are the prime factors of 417456?
2, 3, 13, 223
What are the prime factors of 131660?
2, 5, 29, 227
List the prime factors of 341453.
7, 48779
What are the prime factors of 973411?
973411
List the prime factors of 3111856.
2, 11, 17681
List the prime factors of 775913.
131, 5923
What are the prime factors of 10143169?
17, 19, 31, 1013
List the prime factors of 13223290.
2, 5, 1322329
What are the prime factors of 13824182?
2, 6912091
List the prime factors of 32285363.
11, 17, 172649
What are the prime factors of 1442593?
37, 127, 307
List the prime factors of 324849.
3, 7, 31, 499
List the prime factors of 198026.
2, 99013
What are the prime factors of 6486275?
5, 259451
What are the prime factors of 990708?
2, 3, 82559
What are the prime factors of 676214?
2, 7, 11, 4391
List the prime factors of 1666796.
2, 71, 5869
List the prime factors of 20969.
13, 1613
What are the prime factors of 25097613?
3, 19, 127, 3467
What are the prime factors of 1507413?
3, 479, 1049
What are the prime factors of 77437?
211, 367
What are the prime factors of 992705?
5, 7, 113, 251
List the prime factors of 853945.
5, 233, 733
List the prime factors of 1646344.
2, 7, 29399
What are the prime factors of 2862820?
2, 5, 143141
What are the prime factors of 1036113?
3, 13, 31, 857
List the prime factors of 6743768.
2, 37, 22783
List the prime factors of 352275.
3, 5, 7, 11, 61
What are the prime factors of 207586?
2, 271, 383
What are the prime factors of 3699113?
11, 23, 14621
List the prime factors of 2915600.
2, 5, 37, 197
List the prime factors of 8682748.
2, 241, 9007
List the prime factors of 795492.
2, 3, 19, 1163
List the prime factors of 805731.
3, 491, 547
What are the prime factors of 355330?
2,